ns digit of 230662169?
6
What is the tens digit of 50174779?
7
What is the ten millions digit of 106825624?
0
What is the tens digit of 264484039?
3
What is the ten millions digit of 3236611300?
3
What is the millions digit of 1259044910?
9
What is the hundred thousands digit of 45004762?
0
What is the units digit of 120379696?
6
What is the millions digit of 327155768?
7
What is the ten thousands digit of 84541908?
4
What is the tens digit of 300010564?
6
What is the tens digit of 395089407?
0
What is the billions digit of 1147051644?
1
What is the hundred thousands digit of 45654400?
6
What is the millions digit of 53068455?
3
What is the hundreds digit of 1666314651?
6
What is the hundred thousands digit of 422168351?
1
What is the thousands digit of 4813504178?
4
What is the hundreds digit of 5183841?
8
What is the thousands digit of 122975953?
5
What is the millions digit of 92653626?
2
What is the thousands digit of 90341223?
1
What is the hundreds digit of 100478740?
7
What is the hundred thousands digit of 232028000?
0
What is the billions digit of 1219303921?
1
What is the hundred thousands digit of 5444961248?
9
What is the thousands digit of 2426495831?
5
What is the ten millions digit of 3510770854?
1
What is the thousands digit of 2295062909?
2
What is the hundreds digit of 700922878?
8
What is the tens digit of 16449366?
6
What is the hundred millions digit of 595423837?
5
What is the hundreds digit of 29649472?
4
What is the units digit of 48202474?
4
What is the units digit of 42083412?
2
What is the ten millions digit of 41987033?
4
What is the ten thousands digit of 42988363?
8
What is the units digit of 29503708?
8
What is the millions digit of 469051401?
9
What is the hundred millions digit of 139004331?
1
What is the tens digit of 671155932?
3
What is the units digit of 149353500?
0
What is the hundreds digit of 5259486283?
2
What is the ten millions digit of 994545059?
9
What is the ten millions digit of 88531209?
8
What is the ten thousands digit of 1167034951?
3
What is the millions digit of 360975081?
0
What is the ten millions digit of 198148806?
9
What is the ten thousands digit of 84049830?
4
What is the ten millions digit of 212799253?
1
What is the hundred thousands digit of 96793597?
7
What is the thousands digit of 383647115?
7
What is the units digit of 298270188?
8
What is the units digit of 423328939?
9
What is the hundred thousands digit of 1391128781?
1
What is the tens digit of 1073855911?
1
What is the ten thousands digit of 6361965?
6
What is the tens digit of 77969801?
0
What is the tens digit of 184796169?
6
What is the units digit of 16150012?
2
What is the thousands digit of 1580796?
0
What is the ten thousands digit of 775145250?
4
What is the millions digit of 540451332?
0
What is the ten millions digit of 1882796778?
8
What is the millions digit of 4550044200?
0
What is the units digit of 22080189?
9
What is the thousands digit of 1214411398?
1
What is the hundred millions digit of 357647394?
3
What is the hundreds digit of 1058472191?
1
What is the thousands digit of 58231700?
1
What is the units digit of 4430368?
8
What is the tens digit of 6616040645?
4
What is the hundred thousands digit of 937785517?
7
What is the hundreds digit of 73627857?
8
What is the ten thousands digit of 732960781?
6
What is the ten millions digit of 3913417440?
1
What is the tens digit of 20535062?
6
What is the ten thousands digit of 2323789182?
8
What is the tens digit of 414472245?
4
What is the millions digit of 25805299?
5
What is the units digit of 1331597936?
6
What is the tens digit of 30773623?
2
What is the ten millions digit of 7283003030?
8
What is the hundreds digit of 1525550535?
5
What is the ten thousands digit of 49324888?
2
What is the tens digit of 595733278?
7
What is the units digit of 1372398439?
9
What is the ten millions digit of 28022637?
2
What is the ten millions digit of 71762034?
7
What is the hundreds digit of 2712163?
1
What is the hundred thousands digit of 15665298?
6
What is the ten thousands digit of 189723200?
2
What is the units digit of 4072577?
7
What is the millions digit of 198411619?
8
What is the tens digit of 388083286?
8
What is the units digit of 37259361?
1
What is the tens digit of 815738286?
8
What is the millions digit of 216270925?
6
What is the hundreds digit of 218691451?
4
What is the billions digit of 2459623824?
2
What is the millions digit of 295847043?
5
What is the hundreds digit of 5165863?
8
What is the hundreds digit of 1950904752?
7
What is the ten millions digit of 2856120136?
5
What is the hundred thousands digit of 769872189?
8
What is the ten thousands digit of 333220189?
2
What is the tens digit of 218844181?
8
What is the hundred thousands digit of 73705250?
7
What is the hundred millions digit of 625708863?
6
What is the units digit of 19846029?
9
What is the tens digit of 262682813?
1
What is the hundred thousands digit of 933189434?
1
What is the thousands digit of 1628644216?
4
What is the hundred millions digit of 1539502991?
5
What is the ten thousands digit of 287557543?
5
What is the ten thousands digit of 98471646?
7
What is the hundred thousands digit of 17791929?
7
What is the ten millions digit of 39432685?
3
What is the units digit of 39220268?
8
What is the tens digit of 7292127628?
2
What is the tens digit of 32703429?
2
What is the hundred thousands digit of 2460744787?
7
What is the millions digit of 58988404?
8
What is the units digit of 137404309?
9
What is the hundred thousands digit of 26465629?
4
What is the tens digit of 246517435?
3
What is the thousands digit of 19069930?
9
What is the hundreds digit of 9641417?
4
What is the ten millions digit of 3432765784?
3
What is the thousands digit of 369931547?
1
What is the millions digit of 441145896?
1
What is the ten thousands digit of 112468702?
6
What is the millions digit of 111260287?
1
What is the millions digit of 51679705?
1
What is the units digit of 484198120?
0
What is the ten millions digit of 2184052423?
8
What is the units digit of 3022660072?
2
What is the millions digit of 105131390?
5
What is the ten thousands digit of 2595061559?
6
What is the ten millions digit of 871305002?
7
What is the millions digit of 189970484?
9
What is the millions digit of 23524494?
3
What is the thousands digit of 466887462?
7
What is the hundred thousands digit of 39352214?
3
What is the millions digit of 24372694?
4
What is the billions digit of 5383482347?
5
What is the hundred thousands digit of 65553336?
5
What is the ten thousands digit of 5812554277?
5
What is the hundred thousands digit of 104555019?
5
What is the hundred millions digit of 103194925?
1
What is the tens digit of 92418226?
2
What is the hundreds digit of 535011198?
1
What is the ten thousands digit of 78255271?
5
What is the hundreds digit of 18304062?
0
What is the hundred thousands digit of 19203707?
2
What is the hundreds digit of 341260265?
2
What is the hundred thousands digit of 69566343?
5
What is the units digit of 47747291?
1
What is the hundred thousands digit of 2615757550?
7
What is the hundred thousands digit of 2400621357?
6
What is the ten thousands digit of 303873964?
7
What is the tens digit of 28075616?
1
What is the units digit of 1054294710?
0
What is the units digit of 393322667?
7
What is the billions digit of 1694903164?
1
What is the tens digit of 2756779874?
7
What is the ten millions digit of 16672228?
1
What is the thousands digit of 1009330675?
0
What is the ten millions digit of 340954978?
4
What is the hundred thousands digit of 15928357?
9
What is the millions digit of 1680764711?
0
What is the hundred millions digit of 2713525040?
7
What is the thousands digit of 1513953077?
3
What is the hundred thousands digit of 12772883?
7
What is the hundred millions digit of 287433650?
2
What is the units digit of 89178155?
5
What is the hundred millions digit of 266021446?
2
What is the thousands digit of 5771352759?
2
What is the ten thousands digit of 854961886?
6
What is the thousands digit of 5129732073?
2
What is the units digit of 448330527?
7
What is the hundreds digit of 417081509?
5
What is the ten thousands digit of 856368003?
6
What is the hundred millions digit of 264881603?
